{"id":33,"date":"2019-11-03T14:18:09","date_gmt":"2019-11-03T13:18:09","guid":{"rendered":"http:\/\/ra-trapp.com\/?page_id=33"},"modified":"2019-12-28T16:57:25","modified_gmt":"2019-12-28T15:57:25","slug":"management","status":"publish","type":"page","link":"https:\/\/www.ra-trapp.com\/index.php\/management\/","title":{"rendered":"Management"},"content":{"rendered":"\n<p>Beim <em>Compliancemanagement<\/em> geht es um effizientes und effektives Management des Compliance Risikos. Im Kern geht es darum, Verst\u00f6\u00dfe <\/p>\n\n\n\n<ul><li>m\u00f6glichst zu vermeiden,<\/li><li>sie aber jedenfalls rechtzeitig zu erkennen<\/li><li>um darauf angemessen reagieren zu k\u00f6nnen.<\/li><\/ul>\n\n\n\n<p><em>Pr\u00e4vention<\/em> ist ganz allgemein die Vorbereitung auf unsichere k\u00fcnftige Sch\u00e4den, sei es, dass die <em>Eintrittswahrscheinlichkeit<\/em>, sei es, dass die <em>H\u00f6he des Schadens<\/em> verringert wird. Solche Ma\u00dfnahmen verbessern die <em>Beherrschbarkeit<\/em> von Risiken.<\/p>\n\n\n\n<blockquote class=\"wp-block-quote\"><p>Manager tendieren dazu, ihre Kontrolle \u00fcber den Verlauf von eventuell schadenstr\u00e4chtigen Entwicklungen zu \u00fcbersch\u00e4tzen, oder sogar durch Rejektion vorhandener Daten und durch Beschaffung anderer, g\u00fcnstigerer Einsch\u00e4tzungen Mut zu machen.<\/p><cite>Luhmann, Soziologie des Risikos (2003), S. 38f.<\/cite><\/blockquote>\n\n\n\n<p>F\u00fcr den mittelst\u00e4ndischen Unternehmer stellen hier die Fragen:<\/p>\n\n\n\n<ol><li>Was sind die essentiellen Bestandteile eines passenden Compliance-Management-Systems?<\/li><li>Sollen diese intern aufgebaut oder extern eingekauft werden?<\/li><\/ol>\n\n\n\n<figure class=\"wp-block-image\"><img src=\"https:\/\/www.ra-trapp.com\/wp-content\/uploads\/2019\/12\/CMS-Schematisch.svg\" alt=\"\"\/><\/figure>\n","protected":false},"excerpt":{"rendered":"<p>Beim Compliancemanagement geht es um effizientes und effektives Management des Compliance Risikos. Im Kern geht es darum, Verst\u00f6\u00dfe m\u00f6glichst zu vermeiden, sie aber jedenfalls rechtzeitig zu erkennen um darauf angemessen reagieren zu k\u00f6nnen. Pr\u00e4vention ist ganz allgemein die Vorbereitung auf unsichere k\u00fcnftige Sch\u00e4den, sei es, dass die Eintrittswahrscheinlichkeit, sei es, dass die H\u00f6he des Schadens <a class=\"more-link\" href=\"https:\/\/www.ra-trapp.com\/index.php\/management\/\">weiterlesen&#8230;<\/a><\/p>\n","protected":false},"author":1,"featured_media":116,"parent":0,"menu_order":0,"comment_status":"closed","ping_status":"closed","template":"","meta":{"inline_featured_image":false},"_links":{"self":[{"href":"https:\/\/www.ra-trapp.com\/index.php\/wp-json\/wp\/v2\/pages\/33"}],"collection":[{"href":"https:\/\/www.ra-trapp.com\/index.php\/wp-json\/wp\/v2\/pages"}],"about":[{"href":"https:\/\/www.ra-trapp.com\/index.php\/wp-json\/wp\/v2\/types\/page"}],"author":[{"embeddable":true,"href":"https:\/\/www.ra-trapp.com\/index.php\/wp-json\/wp\/v2\/users\/1"}],"replies":[{"embeddable":true,"href":"https:\/\/www.ra-trapp.com\/index.php\/wp-json\/wp\/v2\/comments?post=33"}],"version-history":[{"count":8,"href":"https:\/\/www.ra-trapp.com\/index.php\/wp-json\/wp\/v2\/pages\/33\/revisions"}],"predecessor-version":[{"id":347,"href":"https:\/\/www.ra-trapp.com\/index.php\/wp-json\/wp\/v2\/pages\/33\/revisions\/347"}],"wp:featuredmedia":[{"embeddable":true,"href":"https:\/\/www.ra-trapp.com\/index.php\/wp-json\/wp\/v2\/media\/116"}],"wp:attachment":[{"href":"https:\/\/www.ra-trapp.com\/index.php\/wp-json\/wp\/v2\/media?parent=33"}],"curies":[{"name":"wp","href":"https:\/\/api.w.org\/{rel}","templated":true}]}}